{"id":9778,"date":"2025-10-17T14:10:23","date_gmt":"2025-10-17T11:10:23","guid":{"rendered":"https:\/\/infoege.com\/?page_id=9778"},"modified":"2025-11-20T10:48:43","modified_gmt":"2025-11-20T10:48:43","slug":"ana-sayfa","status":"publish","type":"page","link":"https:\/\/ucuzbilgisayar.com\/index.php\/ana-sayfa\/","title":{"rendered":"Ana Sayfa"},"content":{"rendered":"<h1  data-split-text=\"true\" data-split-options='{\"type\":\"words\"}'> Dijital  g\u00fcvenlik, profesyonel koruma!<\/h1>\n<p>\t\t\t\t\t\t\t\t\t\t\t\t\t\t\t<img fetchpriority=\"high\" decoding=\"async\" width=\"512\" height=\"512\" src=\"https:\/\/ucuzbilgisayar.com\/wp-content\/uploads\/2025\/10\/robotic-hand.png\" alt=\"\" srcset=\"https:\/\/infoege.com\/wp-content\/uploads\/2025\/10\/robotic-hand.png 512w, https:\/\/infoege.com\/wp-content\/uploads\/2025\/10\/robotic-hand-300x300.png 300w, https:\/\/infoege.com\/wp-content\/uploads\/2025\/10\/robotic-hand-150x150.png 150w, https:\/\/infoege.com\/wp-content\/uploads\/2025\/10\/robotic-hand-320x320.png 320w\" sizes=\"(max-width: 512px) 100vw, 512px\" \/>\t\t\t\t\t\t\t\t\t\t\t\t\t\t\t<\/p>\n<h3>Biz Kimiz<\/h3>\n<p data-start=\"168\" data-end=\"477\">Infoege Bili\u015fim olarak, i\u015fletmelere \u00f6zel u\u00e7tan uca bili\u015fim hizmetleri sunuyoruz. Ayn\u0131 zamanda, i\u015fletmenizin b\u00fcy\u00fcmesine ayak uydurabilecek, esnek ve \u00f6l\u00e7eklenebilir bili\u015fim \u00e7\u00f6z\u00fcmleri sunarak teknolojiyle daha g\u00fc\u00e7l\u00fc bir gelecek in\u015fa etmenize yard\u0131mc\u0131 oluyoruz.<\/p>\n<p data-start=\"479\" data-end=\"790\">Buna ek olarak, sizi dijital d\u00fcnyaya entegre ederken en son trendleri ve yenilikleri yak\u0131ndan takip ediyor ve her ad\u0131mda rehberlik ediyoruz. \u00d6zellikle, veri g\u00fcvenli\u011fi konusunda hi\u00e7bir detay\u0131 \u015fansa b\u0131rakm\u0131yor; geli\u015fmi\u015f siber g\u00fcvenlik \u00e7\u00f6z\u00fcmlerimizle verilerinizi tehditlere kar\u015f\u0131 koruma alt\u0131na al\u0131yoruz.<\/p>\n<p data-start=\"792\" data-end=\"1018\">Infoege, g\u00fcvenli ve sa\u011flam bili\u015fim hizmetleri, teknolojiyle i\u015f s\u00fcre\u00e7lerini birle\u015ftirerek verimlili\u011fi art\u0131ran, g\u00fcvenilir ve s\u00fcrd\u00fcr\u00fclebilir \u00e7\u00f6z\u00fcmler \u00fcretir. Sonu\u00e7 olarak, amac\u0131m\u0131z yaln\u0131zca sistem kurmak de\u011fil, i\u015fletmenizin <a href=\"https:\/\/netverse.com.tr\/?p=447\">dijital <\/a>gelece\u011fini \u015fekillendirmektir.<\/p>\n<h2>&#8220;G\u00fcvenilir ve \u00d6l\u00e7eklenebilir Bili\u015fim \u00c7\u00f6z\u00fcmleri&#8221;<\/h2>\n<p>\t\t\t\t\t\t\t\t\t\t\t\t\t\t\t<img decoding=\"async\" width=\"150\" height=\"150\" src=\"https:\/\/ucuzbilgisayar.com\/wp-content\/uploads\/2025\/10\/landing-page-150x150.png\" alt=\"\" srcset=\"https:\/\/infoege.com\/wp-content\/uploads\/2025\/10\/landing-page-150x150.png 150w, https:\/\/infoege.com\/wp-content\/uploads\/2025\/10\/landing-page-300x300.png 300w, https:\/\/infoege.com\/wp-content\/uploads\/2025\/10\/landing-page-320x320.png 320w, https:\/\/infoege.com\/wp-content\/uploads\/2025\/10\/landing-page.png 512w\" sizes=\"(max-width: 150px) 100vw, 150px\" \/>\t\t\t\t\t\t\t\t\t\t\t\t\t\t\t<\/p>\n<h4>Web Tasar\u0131m ve Yaz\u0131l\u0131m<\/h4>\n<p>Kullan\u0131c\u0131 dostu ve modern web siteleri olu\u015fturma hizmeti. Bununla birlikte \u00f6zelle\u015ftirilmi\u015f tasar\u0131mlar ve i\u015flevsellikler sunarak markan\u0131z\u0131n dijital kimli\u011fini g\u00fc\u00e7lendirir.<\/p>\n<p>\t\t\t\t\t\t\t\t\t\t\t\t\t\t\t<img decoding=\"async\" width=\"150\" height=\"150\" src=\"https:\/\/ucuzbilgisayar.com\/wp-content\/uploads\/2025\/10\/erp-150x150.png\" alt=\"\" srcset=\"https:\/\/infoege.com\/wp-content\/uploads\/2025\/10\/erp-150x150.png 150w, https:\/\/infoege.com\/wp-content\/uploads\/2025\/10\/erp-300x300.png 300w, https:\/\/infoege.com\/wp-content\/uploads\/2025\/10\/erp-320x320.png 320w, https:\/\/infoege.com\/wp-content\/uploads\/2025\/10\/erp.png 512w\" sizes=\"(max-width: 150px) 100vw, 150px\" \/>\t\t\t\t\t\t\t\t\t\t\t\t\t\t\t<\/p>\n<h4>Kapsaml\u0131 E-Ticaret \u00c7\u00f6z\u00fcmleri<\/h4>\n<p>H\u0131zl\u0131 perakende sat\u0131\u015f y\u00f6netimi sa\u011flayan entegre ERP sistemi. Perakende sekt\u00f6r\u00fcnde h\u0131z ve esneklik sa\u011flar, b\u00f6ylece sat\u0131\u015f s\u00fcre\u00e7lerini kolayla\u015ft\u0131r\u0131r ve m\u00fc\u015fteri memnuniyetini art\u0131r\u0131r.<\/p>\n<p>\t\t\t\t\t\t\t\t\t\t\t\t\t\t\t<img loading=\"lazy\" decoding=\"async\" width=\"150\" height=\"150\" src=\"https:\/\/ucuzbilgisayar.com\/wp-content\/uploads\/2025\/10\/shopping-150x150.png\" alt=\"\" srcset=\"https:\/\/infoege.com\/wp-content\/uploads\/2025\/10\/shopping-150x150.png 150w, https:\/\/infoege.com\/wp-content\/uploads\/2025\/10\/shopping-300x300.png 300w, https:\/\/infoege.com\/wp-content\/uploads\/2025\/10\/shopping-320x320.png 320w, https:\/\/infoege.com\/wp-content\/uploads\/2025\/10\/shopping.png 512w\" sizes=\"(max-width: 150px) 100vw, 150px\" \/>\t\t\t\t\t\t\t\t\t\t\t\t\t\t\t<\/p>\n<h4>CRM \/ ERP \u0130\u015f \u00c7\u00f6z\u00fcmler<\/h4>\n<p>M\u00fc\u015fteri ili\u015fkilerini y\u00f6netmek i\u00e7in kapsaml\u0131 bir \u00e7\u00f6z\u00fcm sunar. M\u00fc\u015fteri verilerini etkin bir \u015fekilde y\u00f6netir, ayn\u0131 zamanda sat\u0131\u015f ve pazarlama faaliyetlerinizi optimize eder.<\/p>\n<p>\t\t\t\t\t\t\t\t\t\t\t\t\t\t\t<img loading=\"lazy\" decoding=\"async\" width=\"300\" height=\"300\" src=\"https:\/\/ucuzbilgisayar.com\/wp-content\/uploads\/2025\/10\/budget-300x300.png\" alt=\"\" srcset=\"https:\/\/infoege.com\/wp-content\/uploads\/2025\/10\/budget-300x300.png 300w, https:\/\/infoege.com\/wp-content\/uploads\/2025\/10\/budget-150x150.png 150w, https:\/\/infoege.com\/wp-content\/uploads\/2025\/10\/budget-320x320.png 320w, https:\/\/infoege.com\/wp-content\/uploads\/2025\/10\/budget.png 512w\" sizes=\"(max-width: 300px) 100vw, 300px\" \/>\t\t\t\t\t\t\t\t\t\t\t\t\t\t\t<\/p>\n<h3 data-start=\"170\" data-end=\"254\"><strong data-start=\"174\" data-end=\"252\">Finans Y\u00f6netimi: Kaynaklar\u0131n\u0131z\u0131 Ak\u0131ll\u0131ca Y\u00f6netin, Gelece\u011finizi G\u00fc\u00e7lendirin<\/strong><\/h3>\n<p><strong data-start=\"108\" data-end=\"148\">\u0130\u015fletmenizin s\u00fcrd\u00fcr\u00fclebilir b\u00fcy\u00fcmesi<\/strong>, do\u011fru finans y\u00f6netimiyle ba\u015flar. Bu nedenle, gelir-gider takibi, b\u00fct\u00e7e planlama ve mali analiz s\u00fcre\u00e7lerini dijital ortamda kolayca y\u00f6netebilirsiniz. Ayn\u0131 zamanda, ak\u0131ll\u0131 finans \u00e7\u00f6z\u00fcmleriyle k\u00e2rl\u0131l\u0131\u011f\u0131n\u0131z\u0131 art\u0131rabilir, gereksiz maliyetleri ortadan kald\u0131rabilir ve her ad\u0131mda veriye dayal\u0131 kararlar alabilirsiniz.<\/p>\n<p>\t\t\t\t\t\t\t\t\t\t\t\t\t\t\t<img loading=\"lazy\" decoding=\"async\" width=\"300\" height=\"300\" src=\"https:\/\/ucuzbilgisayar.com\/wp-content\/uploads\/2025\/10\/hrm-300x300.png\" alt=\"\" srcset=\"https:\/\/infoege.com\/wp-content\/uploads\/2025\/10\/hrm-300x300.png 300w, https:\/\/infoege.com\/wp-content\/uploads\/2025\/10\/hrm-150x150.png 150w, https:\/\/infoege.com\/wp-content\/uploads\/2025\/10\/hrm-320x320.png 320w, https:\/\/infoege.com\/wp-content\/uploads\/2025\/10\/hrm.png 512w\" sizes=\"(max-width: 300px) 100vw, 300px\" \/>\t\t\t\t\t\t\t\t\t\t\t\t\t\t\t<\/p>\n<h3 data-start=\"168\" data-end=\"237\"><strong data-start=\"172\" data-end=\"235\">\u0130nsan Kaynaklar\u0131 Y\u00f6netimi (HRM): Ekibinizin G\u00fcc\u00fcn\u00fc Ke\u015ffedin<\/strong><\/h3>\n<p>Ba\u015far\u0131l\u0131 bir i\u015fletme, <strong>g\u00fc\u00e7l\u00fc bir ekiple<\/strong> m\u00fcmk\u00fcnd\u00fcr. Bu nedenle, \u0130nsan Kaynaklar\u0131 Y\u00f6netimi (HRM) ile i\u015fe al\u0131mdan performans de\u011ferlendirmesine kadar t\u00fcm s\u00fcre\u00e7lerinizi dijitalle\u015ftirebilirsiniz. Ayn\u0131 zamanda, \u00e7al\u0131\u015fan memnuniyetini art\u0131rabilir, verimlili\u011fi \u00f6l\u00e7ebilir ve \u015firket k\u00fclt\u00fcr\u00fcn\u00fcz\u00fc s\u00fcrd\u00fcr\u00fclebilir \u015fekilde g\u00fc\u00e7lendirebilirsiniz.<\/p>\n<p>\t\t\t\t\t\t\t\t\t\t\t\t\t\t\t<img loading=\"lazy\" decoding=\"async\" width=\"300\" height=\"300\" src=\"https:\/\/ucuzbilgisayar.com\/wp-content\/uploads\/2025\/10\/supply-chain-300x300.png\" alt=\"\" srcset=\"https:\/\/infoege.com\/wp-content\/uploads\/2025\/10\/supply-chain-300x300.png 300w, https:\/\/infoege.com\/wp-content\/uploads\/2025\/10\/supply-chain-150x150.png 150w, https:\/\/infoege.com\/wp-content\/uploads\/2025\/10\/supply-chain-320x320.png 320w, https:\/\/infoege.com\/wp-content\/uploads\/2025\/10\/supply-chain.png 512w\" sizes=\"(max-width: 300px) 100vw, 300px\" \/>\t\t\t\t\t\t\t\t\t\t\t\t\t\t\t<\/p>\n<h3 data-start=\"167\" data-end=\"253\"><strong data-start=\"171\" data-end=\"251\">Tedarik Zinciri Y\u00f6netimi (SCM): Verimlili\u011fi Art\u0131r\u0131n, S\u00fcre\u00e7leri Optimize Edin<\/strong><\/h3>\n<p data-start=\"254\" data-end=\"494\"><strong data-start=\"112\" data-end=\"153\">Tedarik zincirinizi u\u00e7tan uca y\u00f6netin<\/strong> ve operasyonel m\u00fckemmelli\u011fe ula\u015f\u0131n. B\u00f6ylece, SCM \u00e7\u00f6z\u00fcmleriyle stok, \u00fcretim ve da\u011f\u0131t\u0131m s\u00fcre\u00e7lerinizi tek merkezden kontrol edebilirsiniz. Ayn\u0131 zamanda, maliyetleri azaltabilir, teslimat h\u0131z\u0131n\u0131 art\u0131rabilir ve rekabet avantaj\u0131n\u0131z\u0131 g\u00fc\u00e7lendirebilirsiniz.<\/p>\n<p>\t\t\t\t\t\t\t\t\t\t\t\t\t\t\t<img loading=\"lazy\" decoding=\"async\" width=\"300\" height=\"300\" src=\"https:\/\/ucuzbilgisayar.com\/wp-content\/uploads\/2025\/10\/manufacture-300x300.png\" alt=\"\" srcset=\"https:\/\/infoege.com\/wp-content\/uploads\/2025\/10\/manufacture-300x300.png 300w, https:\/\/infoege.com\/wp-content\/uploads\/2025\/10\/manufacture-150x150.png 150w, https:\/\/infoege.com\/wp-content\/uploads\/2025\/10\/manufacture-320x320.png 320w, https:\/\/infoege.com\/wp-content\/uploads\/2025\/10\/manufacture.png 512w\" sizes=\"(max-width: 300px) 100vw, 300px\" \/>\t\t\t\t\t\t\t\t\t\t\t\t\t\t\t<\/p>\n<h3 data-start=\"170\" data-end=\"254\">\u00dcretim Y\u00f6netimi: Verimli S\u00fcre\u00e7ler, Maksimum Verimlilik<\/h3>\n<p>\u00dcretim s\u00fcre\u00e7lerinizi <a href=\"https:\/\/netverse.com.tr\/?p=447\">dijital <\/a>ortamda planlay\u0131n, izleyin ve optimize edin. Ak\u0131ll\u0131 \u00fcretim y\u00f6netimi ile, kaynak kullan\u0131m\u0131n\u0131 en aza indirirken kaliteyi en \u00fcst seviyeye \u00e7\u0131karabilirsiniz. Ayr\u0131ca, veriye dayal\u0131 kararlarla \u00fcretimde verimlili\u011fi art\u0131rabilir ve rekabette bir ad\u0131m \u00f6ne ge\u00e7ebilirsiniz.<\/p>\n<h2>Referanslar\u0131m\u0131z<\/h2>\n<p>\t\t\t\t\t\t\t\t\t\t\t\t<img loading=\"lazy\" width=\"837\" height=\"922\" src=\"https:\/\/ucuzbilgisayar.com\/wp-content\/uploads\/2024\/06\/ileri-bilim-koleji.png\" alt=\"\" decoding=\"async\" \/><br \/>\n\t\t\t\t\t\t\t\t\t\t\t\t<img loading=\"lazy\" width=\"1864\" height=\"560\" src=\"https:\/\/ucuzbilgisayar.com\/wp-content\/uploads\/2024\/06\/guzel-ayakkabi-logo.png\" alt=\"\" decoding=\"async\" \/><br \/>\n\t\t\t\t\t\t\t\t\t\t\t\t<img loading=\"lazy\" width=\"1111\" height=\"841\" src=\"https:\/\/ucuzbilgisayar.com\/wp-content\/uploads\/2024\/06\/kemeralti.png\" alt=\"\" decoding=\"async\" \/><br \/>\n\t\t\t\t\t\t\t\t\t\t\t\t<img loading=\"lazy\" width=\"1800\" height=\"464\" src=\"https:\/\/ucuzbilgisayar.com\/wp-content\/uploads\/2024\/06\/turansef-logo.png\" alt=\"\" decoding=\"async\" \/><br \/>\n\t\t\t\t\t\t\t\t\t\t\t\t<img loading=\"lazy\" width=\"150\" height=\"43\" src=\"https:\/\/ucuzbilgisayar.com\/wp-content\/uploads\/2024\/06\/Gaziemir-Cerrahi-Tip-Merkezi-e1760367960672.png\" alt=\"\" decoding=\"async\" \/><br \/>\n\t\t\t\t\t\t\t\t\t\t\t\t<img loading=\"lazy\" width=\"1550\" height=\"550\" src=\"https:\/\/ucuzbilgisayar.com\/wp-content\/uploads\/2024\/06\/flo.png\" alt=\"\" decoding=\"async\" \/><br \/>\n\t\t\t\t\t\t\t\t\t\t\t\t<img loading=\"lazy\" width=\"560\" height=\"358\" src=\"https:\/\/ucuzbilgisayar.com\/wp-content\/uploads\/2024\/06\/finepixel-e3dedb63-3ed8-4ca8-bbe4-4ef7ca2e41df.png\" alt=\"\" decoding=\"async\" srcset=\"https:\/\/infoege.com\/wp-content\/uploads\/2024\/06\/finepixel-e3dedb63-3ed8-4ca8-bbe4-4ef7ca2e41df.png 560w, https:\/\/infoege.com\/wp-content\/uploads\/2024\/06\/finepixel-e3dedb63-3ed8-4ca8-bbe4-4ef7ca2e41df-300x192.png 300w\" sizes=\"(max-width: 560px) 100vw, 560px\" \/><br \/>\n\t\t\t\t\t\t\t\t\t\t\t\t<img loading=\"lazy\" width=\"500\" height=\"70\" src=\"https:\/\/ucuzbilgisayar.com\/wp-content\/uploads\/2024\/06\/Esa-Logo-Beyaz.png\" alt=\"\" decoding=\"async\" srcset=\"https:\/\/infoege.com\/wp-content\/uploads\/2024\/06\/Esa-Logo-Beyaz.png 500w, https:\/\/infoege.com\/wp-content\/uploads\/2024\/06\/Esa-Logo-Beyaz-300x42.png 300w\" sizes=\"(max-width: 500px) 100vw, 500px\" \/><br \/>\n\t\t\t\t\t\t\t\t\t\t\t\t<img loading=\"lazy\" width=\"2743\" height=\"1108\" src=\"https:\/\/ucuzbilgisayar.com\/wp-content\/uploads\/2024\/06\/Esa-Prefabrik-.png\" alt=\"\" decoding=\"async\" srcset=\"https:\/\/infoege.com\/wp-content\/uploads\/2024\/06\/Esa-Prefabrik-.png 2743w, https:\/\/infoege.com\/wp-content\/uploads\/2024\/06\/Esa-Prefabrik--300x121.png 300w, https:\/\/infoege.com\/wp-content\/uploads\/2024\/06\/Esa-Prefabrik--1024x414.png 1024w, https:\/\/infoege.com\/wp-content\/uploads\/2024\/06\/Esa-Prefabrik--1536x620.png 1536w\" sizes=\"(max-width: 2743px) 100vw, 2743px\" \/><br \/>\n\t\t\t\t\t\t\t\t\t\t\t\t<img loading=\"lazy\" width=\"1550\" height=\"400\" src=\"https:\/\/ucuzbilgisayar.com\/wp-content\/uploads\/2024\/06\/emmegi.png\" alt=\"\" decoding=\"async\" srcset=\"https:\/\/infoege.com\/wp-content\/uploads\/2024\/06\/emmegi.png 1550w, https:\/\/infoege.com\/wp-content\/uploads\/2024\/06\/emmegi-300x77.png 300w, https:\/\/infoege.com\/wp-content\/uploads\/2024\/06\/emmegi-1024x264.png 1024w, https:\/\/infoege.com\/wp-content\/uploads\/2024\/06\/emmegi-1536x396.png 1536w\" sizes=\"(max-width: 1550px) 100vw, 1550px\" \/><br \/>\n\t\t\t\t\t\t\t\t\t\t\t\t<img loading=\"lazy\" width=\"2144\" height=\"560\" src=\"https:\/\/ucuzbilgisayar.com\/wp-content\/uploads\/2024\/06\/egebicak-logo.png\" alt=\"\" decoding=\"async\" srcset=\"https:\/\/infoege.com\/wp-content\/uploads\/2024\/06\/egebicak-logo.png 2144w, https:\/\/infoege.com\/wp-content\/uploads\/2024\/06\/egebicak-logo-300x78.png 300w, https:\/\/infoege.com\/wp-content\/uploads\/2024\/06\/egebicak-logo-1024x267.png 1024w, https:\/\/infoege.com\/wp-content\/uploads\/2024\/06\/egebicak-logo-1536x401.png 1536w\" sizes=\"(max-width: 2144px) 100vw, 2144px\" \/><br \/>\n\t\t\t\t\t\t\t\t\t\t\t\t<img loading=\"lazy\" width=\"512\" height=\"237\" src=\"https:\/\/ucuzbilgisayar.com\/wp-content\/uploads\/2024\/06\/cropped-Untitled-21.png\" alt=\"\" decoding=\"async\" srcset=\"https:\/\/infoege.com\/wp-content\/uploads\/2024\/06\/cropped-Untitled-21.png 512w, https:\/\/infoege.com\/wp-content\/uploads\/2024\/06\/cropped-Untitled-21-300x139.png 300w\" sizes=\"(max-width: 512px) 100vw, 512px\" \/><br \/>\n\t\t\t\t\t\t\t\t\t\t\t\t<img loading=\"lazy\" width=\"1550\" height=\"550\" src=\"https:\/\/ucuzbilgisayar.com\/wp-content\/uploads\/2024\/06\/cloud4.png\" alt=\"\" decoding=\"async\" srcset=\"https:\/\/infoege.com\/wp-content\/uploads\/2024\/06\/cloud4.png 1550w, https:\/\/infoege.com\/wp-content\/uploads\/2024\/06\/cloud4-300x106.png 300w, https:\/\/infoege.com\/wp-content\/uploads\/2024\/06\/cloud4-1024x363.png 1024w, https:\/\/infoege.com\/wp-content\/uploads\/2024\/06\/cloud4-1536x545.png 1536w\" sizes=\"(max-width: 1550px) 100vw, 1550px\" \/><br \/>\n\t\t\t\t\t\t\t\t\t\t\t\t<img loading=\"lazy\" width=\"1403\" height=\"1054\" src=\"https:\/\/ucuzbilgisayar.com\/wp-content\/uploads\/2024\/06\/bulbul-metal-logo.png\" alt=\"\" decoding=\"async\" srcset=\"https:\/\/infoege.com\/wp-content\/uploads\/2024\/06\/bulbul-metal-logo.png 1403w, https:\/\/infoege.com\/wp-content\/uploads\/2024\/06\/bulbul-metal-logo-300x225.png 300w, https:\/\/infoege.com\/wp-content\/uploads\/2024\/06\/bulbul-metal-logo-1024x769.png 1024w\" sizes=\"(max-width: 1403px) 100vw, 1403px\" \/>\t\t\t\t\t\t\t\t\t\t\t<\/p>\n<h2>Hemen Teklif Talebi G\u00f6nderin<\/h2>\n<p>\t\t<a  href=\"\/#modal-8440\" data-lqd-lity=\"#modal-8440\" ><br \/>\n\t\t\t\t\t\t\t\t\t\t\t\u0130leti\u015fime Ge\u00e7in<br \/>\n\t\t\t\t\t\t\t\t<\/a><\/p>\n<h2>Dijital D\u00fcnyada G\u00fcncel Kal\u0131n | Info Ege Blog<\/h2>\n<article id=\"post-10410\">\n<figure><img loading=\"lazy\" width=\"640\" height=\"364\" src=\"https:\/\/ucuzbilgisayar.com\/wp-content\/uploads\/2025\/10\/pexels-cottonbro-5483240-2-scaled-e1761059916172-640x364.jpg\" alt=\"siber-guvenlik-danismanligi.jpg\" decoding=\"async\" \/><\/figure>\n<header>\n<h3><a href=\"https:\/\/ucuzbilgisayar.com\/author\/dilara\/\">dilara<\/a><\/h3>\n<p>\t\t<time datetime=\"2025-10-22T16:17:23+03:00\">21 dakika ago<\/time><\/p>\n<h2><a  href=\"https:\/\/ucuzbilgisayar.com\/siber-guvenlik-danismanligi-kurumsal-isletmeler-icin-hizmetler-2\/\" rel=\"bookmark\">Siber G\u00fcvenlik Dan\u0131\u015fmanl\u0131\u011f\u0131: Kurumsal \u0130\u015fletmeler i\u00e7in Hizmetler<\/a><\/h2>\n<\/header>\n<p>\t\t\t\tDijital d\u00fcnyada bir web sitesine sahip olmak art\u0131k yeterli de\u011fil; \u00f6nemli olan arama motorlar\u0131nda g\u00f6r\u00fcn\u00fcrl\u00fck ve kullan\u0131c\u0131 dostu deneyim sunmak.&hellip;<br \/>\n<a  href=\"https:\/\/ucuzbilgisayar.com\/siber-guvenlik-danismanligi-kurumsal-isletmeler-icin-hizmetler-2\/\"><\/a><\/article>\n<article id=\"post-10373\">\n<figure><img loading=\"lazy\" width=\"640\" height=\"364\" src=\"https:\/\/ucuzbilgisayar.com\/wp-content\/uploads\/2025\/10\/pexels-cottonbro-5483240-2-scaled-e1761059916172-640x364.jpg\" alt=\"siber-guvenlik-danismanligi.jpg\" decoding=\"async\" \/><\/figure>\n<header>\n<h3><a href=\"https:\/\/ucuzbilgisayar.com\/author\/dilara\/\">dilara<\/a><\/h3>\n<p>\t\t<time datetime=\"2025-10-21T18:41:40+03:00\">22 saat ago<\/time><\/p>\n<h2><a  href=\"https:\/\/ucuzbilgisayar.com\/siber-guvenlik-danismanligi-kurumsal-isletmeler-icin-hizmetler\/\" rel=\"bookmark\">Siber G\u00fcvenlik Dan\u0131\u015fmanl\u0131\u011f\u0131: Kurumsal \u0130\u015fletmeler i\u00e7in Hizmetler<\/a><\/h2>\n<\/header>\n<p>\t\t\t\tDijital d\u00fcnyada bir web sitesine sahip olmak art\u0131k yeterli de\u011fil; \u00f6nemli olan arama motorlar\u0131nda g\u00f6r\u00fcn\u00fcrl\u00fck ve kullan\u0131c\u0131 dostu deneyim sunmak.&hellip;<br \/>\n<a  href=\"https:\/\/ucuzbilgisayar.com\/siber-guvenlik-danismanligi-kurumsal-isletmeler-icin-hizmetler\/\"><\/a><\/article>\n<article id=\"post-10357\">\n<figure><img loading=\"lazy\" width=\"640\" height=\"364\" src=\"https:\/\/ucuzbilgisayar.com\/wp-content\/uploads\/2025\/10\/seo-7397379_1920-640x364.png\" alt=\"\" decoding=\"async\" \/><\/figure>\n<header>\n<h3><a href=\"https:\/\/ucuzbilgisayar.com\/author\/editor\/\">Editor<\/a><\/h3>\n<p>\t\t<time datetime=\"2025-10-21T15:06:35+03:00\">1 g\u00fcn ago<\/time><\/p>\n<h2><a  href=\"https:\/\/ucuzbilgisayar.com\/basarili-bir-seo-uyumlu-web-sitesi-icin-10-altin-kural\/\" rel=\"bookmark\">Ba\u015far\u0131l\u0131 Bir SEO Uyumlu Web Sitesi \u0130\u00e7in 10 Alt\u0131n Kural<\/a><\/h2>\n<\/header>\n<p>\t\t\t\tDijital d\u00fcnyada bir web sitesine sahip olmak art\u0131k yeterli de\u011fil; \u00f6nemli olan arama motorlar\u0131nda g\u00f6r\u00fcn\u00fcrl\u00fck ve kullan\u0131c\u0131 dostu deneyim sunmak.&hellip;<br \/>\n<a  href=\"https:\/\/ucuzbilgisayar.com\/basarili-bir-seo-uyumlu-web-sitesi-icin-10-altin-kural\/\"><\/a><\/article>\n<p><!--\/ .row --><!--\/ .lqd-lp-grid --><br \/>\n\t\t<a  href=\"https:\/\/ucuzbilgisayar.com\/blog\/\" ><br \/>\n\t\t\t\t\t\t\t\t\t\t\tHepsini G\u00f6r<br \/>\n\t\t\t\t\t\t\t\t<\/a><\/p>\n","protected":false},"excerpt":{"rendered":"<p>Dijital g\u00fcvenlik, profesyonel koruma! Biz Kimiz Infoege Bili\u015fim olarak, i\u015fletmelere \u00f6zel u\u00e7tan uca bili\u015fim hizmetleri sunuyoruz. Ayn\u0131 zamanda, i\u015fletmenizin b\u00fcy\u00fcmesine ayak uydurabilecek, esnek ve \u00f6l\u00e7eklenebilir bili\u015fim \u00e7\u00f6z\u00fcmleri sunarak teknolojiyle daha g\u00fc\u00e7l\u00fc bir gelecek in\u015fa etmenize yard\u0131mc\u0131 oluyoruz. Buna ek olarak, sizi dijital d\u00fcnyaya entegre ederken en son trendleri ve yenilikleri yak\u0131ndan takip ediyor ve her [&hellip;]<\/p>\n","protected":false},"author":2,"featured_media":9245,"parent":0,"menu_order":0,"comment_status":"closed","ping_status":"closed","template":"elementor_canvas","meta":{"footnotes":""},"class_list":["post-9778","page","type-page","status-publish","has-post-thumbnail","hentry"],"_links":{"self":[{"href":"https:\/\/ucuzbilgisayar.com\/index.php\/wp-json\/wp\/v2\/pages\/9778","targetHints":{"allow":["GET"]}}],"collection":[{"href":"https:\/\/ucuzbilgisayar.com\/index.php\/wp-json\/wp\/v2\/pages"}],"about":[{"href":"https:\/\/ucuzbilgisayar.com\/index.php\/wp-json\/wp\/v2\/types\/page"}],"author":[{"embeddable":true,"href":"https:\/\/ucuzbilgisayar.com\/index.php\/wp-json\/wp\/v2\/users\/2"}],"replies":[{"embeddable":true,"href":"https:\/\/ucuzbilgisayar.com\/index.php\/wp-json\/wp\/v2\/comments?post=9778"}],"version-history":[{"count":1,"href":"https:\/\/ucuzbilgisayar.com\/index.php\/wp-json\/wp\/v2\/pages\/9778\/revisions"}],"predecessor-version":[{"id":10659,"href":"https:\/\/ucuzbilgisayar.com\/index.php\/wp-json\/wp\/v2\/pages\/9778\/revisions\/10659"}],"wp:featuredmedia":[{"embeddable":true,"href":"https:\/\/ucuzbilgisayar.com\/index.php\/wp-json\/"}],"wp:attachment":[{"href":"https:\/\/ucuzbilgisayar.com\/index.php\/wp-json\/wp\/v2\/media?parent=9778"}],"curies":[{"name":"wp","href":"https:\/\/api.w.org\/{rel}","templated":true}]}}